se 16.
b
Convert 2 (base 6) to base 15.
2
22 (base 7) to base 2
10000
-2 (base 9) to base 2
-10
Convert -85 (base 11) to base 15.
-63
2 (base 4) to base 10
2
-10 (base 14) to base 10
-14
What is 12 (base 10) in base 6?
20
What is 10 (base 2) in base 11?
2
-21 (base 8) to base 14
-13
4 (base 10) to base 15
4
2a (base 13) to base 12
30
18 (base 10) to base 8
22
0 (base 11) to base 9
0
Convert -1 (base 12) to base 11.
-1
13 (base 11) to base 4
32
1a (base 11) to base 12
19
What is 46 (base 14) in base 2?
111110
What is -10011 (base 2) in base 5?
-34
What is -3 (base 10) in base 3?
-10
0 (base 2) to base 8
0
Convert 1 (base 9) to base 11.
1
What is 232 (base 6) in base 13?
71
What is 10000111 (base 2) in base 3?
12000
-150 (base 6) to base 8
-102
What is -2 (base 6) in base 5?
-2
Convert -4 (base 5) to base 7.
-4
342 (base 6) to base 14
98
What is -a (base 14) in base 7?
-13
Convert -1 (base 15) to base 3.
-1
-6 (base 13) to base 7
-6
What is 13 (base 6) in base 16?
9
Convert 211 (base 3) to base 15.
17
What is -1 (base 2) in base 8?
-1
What is 8 (base 16) in base 2?
1000
What is -2 (base 16) in base 8?
-2
Convert -1 (base 9) to base 13.
-1
Convert -110001 (base 2) to base 13.
-3a
What is 32 (base 8) in base 12?
22
What is 1101 (base 3) in base 16?
25
5 (base 7) to base 4
11
What is -3 (base 14) in base 16?
-3
-76 (base 9) to base 12
-59
What is 5 (base 7) in base 3?
12
Convert 6 (base 11) to base 14.
6
25 (base 7) to base 3
201
Convert -8 (base 15) to base 8.
-10
What is 3 (base 10) in base 15?
3
244 (base 6) to base 14
72
201 (base 3) to base 10
19
Convert 98 (base 13) to base 6.
325
What is -127 (base 15) in base 4?
-10012
What is 200 (base 7) in base 9?
118
-4 (base 11) to base 4
-10
What is 4 (base 12) in base 2?
100
What is 116 (base 8) in base 5?
303
5 (base 10) to base 9
5
What is -20 (base 3) in base 11?
-6
Convert -40 (base 5) to base 11.
-19
Convert 4 (base 7) to base 16.
4
Convert 7 (base 13) to base 9.
7
What is -2 (base 15) in base 9?
-2
Convert 0 (base 13) to base 9.
0
4b (base 12) to base 2
111011
What is 9 (base 12) in base 4?
21
Convert -12211 (base 3) to base 12.
-111
What is 102 (base 4) in base 9?
20
What is 143 (base 8) in base 9?
120
-142 (base 5) to base 4
-233
What is -1 (base 7) in base 2?
-1
18 (base 14) to base 2
10110
213 (base 9) to base 10
174
-31 (base 9) to base 16
-1c
Convert 2 (base 8) to base 12.
2
2 (base 12) to base 9
2
-10010 (base 4) to base 15
-125
What is -368 (base 9) in base 16?
-131
What is -315 (base 6) in base 15?
-7e
Convert -63 (base 8) to base 5.
-201
-3 (base 5) to base 8
-3
7 (base 8) to base 15
7
165 (base 9) to base 14
a0
What is -1 (base 3) in base 15?
-1
Convert 4 (base 16) to base 13.
4
What is -530 (base 6) in base 11?
-170
Convert -2 (base 8) to base 11.
-2
Convert -1001 (base 2) to base 5.
-14
-7 (base 12) to base 5
-12
Convert -1 (base 15) to base 12.
-1
Convert 31 (base 5) to base 2.
10000
What is 23 (base 9) in base 14?
17
Convert 4d (base 14) to base 3.
2120
What is -b0 (base 15) in base 9?
-203
2 (base 8) to base 15
2
What is -45 (base 9) in base 6?
-105
What is 17 (base 15) in base 4?
112
165 (base 12) to base 6
1005
-1 (base 16) to base 4
-1
What is 14 (base 15) in base 8?
23
What is -d (base 16) in base 6?
-21
What is 11111 (base 2) in base 5?
111
Convert -f6 (base 16) to base 10.
-246
What is -101110 (base 2) in base 14?
-34
-1 (base 11) to base 6
-1
Convert -a (base 12) to base 11.
-a
What is 63 (base 8) in base 15?
36
What is -10 (base 5) in base 9?
-5
What is -5 (base 6) in base 16?
-5
What is -38 (base 14) in base 8?
-62
-1d (base 16) to base 12
-25
6 (base 14) to base 3
20
What is -41 (base 10) in base 4?
-221
What is 203 (base 5) in base 11?
49
Convert -2 (base 8) to base 10.
-2
Convert -19 (base 11) to base 2.
-10100
125 (base 10) to base 3
11122
Convert 72 (base 8) to base 13.
46
Convert 79 (base 11) to base 13.
68
Convert -1 (base 2) to base 3.
-1
What is -bb (base 16) in base 13?
-115
What is a (base 14) in base 3?
101
What is -101 (base 2) in base 7?
-5
3 (base 15) to base 6
3
-2 (base 13) to base 11
-2
Convert -11202 (base 3) to base 12.
-a8
What is -5 (base 15) in base 7?
-5
-1010 (base 3) to base 9
-33
What is 101011110 (base 2) in base 15?
185
What is 110 (base 3) in base 2?
1100
-322 (base 4) to base 12
-4a
-19 (base 12) to base 7
-30
What is -5 (base 7) in base 4?
-11
Convert -1150 (base 6) to base 5.
-2112
What is 0 (base 6) in base 14?
0
Convert 16a (base 13) to base 14.
145
Convert 11233 (base 4) to base 9.
447
-43 (base 5) to base 12
-1b
Convert 1 (base 9) to base 2.
1
29 (base 12) to base 11
30
What is 1 (base 7) in base 2?
1
-70 (base 8) to base 7
-110
-92 (base 10) to base 12
-78
-11 (base 2) to base 12
-3
Convert 13 (base 13) to base 9.
17
0 (base 2) to base 9
0
What is -100 (base 2) in base 14?
-4
What is -5 (base 13) in base 15?
-5
30 (base 5) to base 13
12
Convert -11 (base 15) to base 12.
-14
Convert 14 (base 8) to base 3.
110
What is 10 (base 2) in base 11?
2
-32 (base 8) to base 9
-28
Convert 2 (base 11) to base 12.
2
222 (base 4) to base 13
33
-33 (base 10) to base 6
-53
What is -115 (base 7) in base 16?
-3d
Convert 2a (base 14) to base 12.
32
Convert 4 (base 15) to base 10.
4
Convert 2 (base 12) to base 4.
2
154 (base 6) to base 15
4a
What is 24 (base 12) in base 4?
130
-3 (base 9) to base 10
-3
131 (base 7) to base 11
65
Convert -111 (base 3) to base 10.
-13
Convert 7 (base 14) to base 10.
7
Convert 113 (base 4) to base 6.
35
What is 17 (base 10) in base 12?
15
Convert -223 (base 9) to base 12.
-133
Convert -21 (base 4) to base 8.
-11
What is -3 (base 6) in base 2?
-11
-515 (base 6) to base 10
-191
151 (base 11) to base 2
10110001
What is e (base 16) in base 9?
15
What is -24 (base 13) in base 8?
-36
4 (base 12) to base 4
10
5 (base 6) to base 13
5
What is -23 (base 5) in base 8?
-15
What is -3 (base 12) in base 13?
-3
0 (base 10) to base 3
0
Convert 36 (base 7) to base 4.
123
What is 41 (base 14) in base 8?
71
What is 8 (base 11) in base 13?
8
Convert -5d (base 14) to base 9.
-102
3c (base 15) to base 9
63
-3 (base 14) to base 8
-3
What is -106 (base 7) in base 10?
-55
30 (base 5) to base 15
10
Convert 1102 (base 3) to base 16.
26
-1 (base 11) to base 3
-1
Convert 122 (base 5) to base 3.
1101
Convert 4 (base 15) to base 5.
4
Convert 3 (base 9) to base 12.
3
Convert 12 (base 8) to base 13.
a
What is -29 (base 16) in base 13?
-32
-7f (base 16) to base 11
-106
What is -1 (base 11) in base 3?
-1
Convert 2141 (base 5) to base 9.
358
What is 10 (base 9) in base 4?
21
Convert -69 (base 14) to base 16.
-5d
-2 (base 3) to base 11
-2
What is 21 (base 7) in base 5?
30
What is -100 (base 2) in base 8?
-4
Convert 24 (base 14) to base 2.
100000
Convert -35 (base 9) to base 15.
-22
-401 (base 6) to base 10
-145
Convert 13 (base 16) to base 12.
17
-10011 (base 2) to base 13
-16
Convert -2 (base 10) to base 12.
-2
What is -11010000 (base 2) in base 4?
-3100
120 (base 4) to base 5
44
8 (base 12) to base 10
8
1 (base 3) to base 14
1
What is 8 (base 16) in base 5?
13
What is 0 (base 10) in base 4?
0
-37 (base 8) to base 6
-51
Convert 146 (base 10) to base 3.
12102
-1011 (base 2) to base 14
-b
What is 2 (base 15) in base 8?
2
Convert 1212 (base 3) to base 10.
50
Convert -12 (base 7) to base 5.
-14
What is 11 (base 14) in base 11?
14
-30 (base 9) to base 5
-102
-18 (base 10) to base 5
-33
Convert 204 (base 8) to base 7.
246
2 (base 16) to base 5
2
What is 1 (base 15) in base 5?
1
What is 1 (base 12) in base 11?
1
Convert 0 (base 16) to base 4.
0
121 (base 4) to base 5
100
Convert -2 (base 10) to base 11.
-2
Convert -25 (base 7) to base 9.
-21
What is -6 (base 13) in base 16?
-6
What is a (base 16) in base 9?
11
Convert 11001 (base 2) to base 4.
121
What is 100100 (base 2) in base 10?
36
What is 60 (base 8) in base 10?
48
12 (base 4) to base 9
6
What is 24 (base 8) in base 12?
18
Convert -101 (base 7) to base 16.
-32
What is 6 (base 9) in base 12?
6
What is -1 (base 2) in base 4?
-1
Convert 3c (base 15) to base 13.
45
Convert 1 (base 13) to base 5.
1
Convert -28 (base 11) to base 3.
-1010
-89 (base 11) to base 7
-166
Convert 35 (base 7) to base 10.
26
75 (base 9) to base 5
233
Convert d (base 14) to base 6.
21
Convert 1122 (base 3) to base 4.
230
Convert 1101 (ba